
False
Let c = 71 + -28. Suppose -v + 15 = 2*v, -4*h + c = 3*v. Does 4 divide h?
False
Suppose -3*x - 4*a = -5*x + 16, 0 = -4*x + 3*a + 22. Suppose -685 = -5*c + 2*y, -x*y = -3*c - 9*y + 442. Is c a multiple of 10?
False
Let o = -79 + 83. Suppose -2*r - 3*r + 370 = 5*b, -4*r + o*b = -264. Is r a multiple of 35?
True
Suppose n + 125 = m, 4*m - 4*n + 3*n = 503. Suppose -84*c = -87*c + m. Is c a multiple of 7?
True
Suppose -2*g = -3*a - 65, -3*g - 4*a = -a - 75. Suppose 4*d = 388 - g. Does 10 divide d?
True
Suppose 416 = 3*v + 5*v. Is 4 a factor of v?
True
Let x(b) = -4*b**3 - 4*b**2 + 2*b + 4. Let p(c) = -4*c**3 - 4*c**2 + 3*c + 5. Let r(i) = -5*p(i) + 6*x(i). Is r(-3) a multiple of 4?
True
Let v = -19 + 20. Suppose -29 = -z - 12. Let u = z + v. Is u a multiple of 4?
False
Let f(s) = 14*s + 20. Let l be f(-4). Is (28/3 - 2)*l/(-6) a multiple of 17?
False
Is 19/((-76)/16) + (0 - -1325) a multiple of 69?
False
Suppose 872 + 843 = 5*q. Let y = -191 + q. Does 12 divide y?
False
Let g = -5 + 9. Let r be 8 - (-11 + 8)/(-3 - 0). Suppose -g*c = r - 67. Does 11 divide c?
False
Suppose 12*p - 1893 = 8967. Is p a multiple of 10?
False
Suppose -3*h - 193 = -655. Let z be 5/2*h/55. Suppose -z*d + 136 = -3*d. Is d a multiple of 11?
False
Suppose o + 244 = -5*w + 88, -757 = 5*o + 2*w. Let h = -85 - o. Is 15 a factor of h?
False
Let w(t) = t**3 + 4*t**2 - 2*t - 5. Let p be w(-4). Suppose p*f = 6*f - 69. Is 9 a factor of f?
False
Let z be 4*(3 - (-4)/(-8)*1). Suppose -228 = z*c - 12*c. Is 19 a factor of c?
True
Suppose 16 = 5*f - f. Let p(n) = -25*n - 136. Let b be p(-7). Suppose 7*c - f*c = b. Is 2 a factor of c?
False
Suppose 0 = 3*f - 16*f + 325. Let l = 206 + f. Does 24 divide l?
False
Is 22 a factor of (-1232)/(-55) + 4/(-10)?
True
Suppose -2*u - 40 = -3*p, 5*p - 54 = -2*u - u. Let s(n) = -n**3 + 12*n**2 + 7*n - 7. Is 23 a factor of s(p)?
False
Suppose -28*s + 30*s = 20. Suppose -s*q - 1056 = -16*q. Is 44 a factor of q?
True
Let x be 1*4/(-1) + 619. Suppose -11*p + x + 111 = 0. Is p a multiple of 14?
False
Suppose -k = 5*s - 150, 0 = -0*k + 3*k. Suppose -12*c = -9*c - s. Is c a multiple of 8?
False
Let m = 26 - -38. Is m a multiple of 7?
False
Suppose 150 = 2*r - 7*r. Is 9 a factor of 3 + -1 - -2 - r?
False
Let y = -35 + 46. Suppose -16*b + 800 = -y*b. Is b a multiple of 44?
False
Let d = 135 + -53. Let h = d + -34. Is h a multiple of 13?
False
Let c = -29 + 38. Suppose q = -3*p + 20, 3*p + 3 - c = 0. Is q even?
True
Let t be (-1)/(-3) + 814/(-66). Let q be t/5 + 34/85. Does 23 divide q/((-2)/184*2)?
True
Let p(h) = -h**3 + 35*h**2 + 20*h + 30. Does 9 divide p(35)?
False
Let p(q) = -q**3 + 18*q**2 + 26*q - 98. Is 6 a factor of p(19)?
False
Suppose 3*p - 11 = 16. Let j be 480/p + 4/(-12). Let t = 90 - j. Does 7 divide t?
False
Let x(a) = a**3 + 2*a**2 + 5*a + 3. Let z be x(-3). Let d(i) = 11*i - 9. Let f be d(5). Let y = f - z. Is y a multiple of 13?
False
Let z = 68 + -171. Let s = -29 - z. Is 25 a factor of s?
False
Suppose 3*b - 2*a - 2*a = 67, 2*b - 63 = -a. Let p be (-3 - -5) + 18/(-6). Let o = b + p. Does 14 divide o?
True
Let b = 51 + 8. Does 2 divide b?
False
Let x be -17 + -2 + 0 + 3. Let i = 69 - x. Does 16 divide i?
False
Let n be (-21046)/(-85) - (-4)/10. Suppose 7*s - 214 = n. Does 29 divide s?
False
Let u(l) = 2*l - 2. Let a be u(3). Suppose k = -k + a. Is 17 a factor of 0 + 18 - (k + -1)?
True
Does 44 divide (4/(-4) + 6)*4669/35?
False
Let b(q) = q**3 - 4*q**2 - 3*q + 13. Let p be b(4). Suppose -5*r = 3*m - 138, -4*m - p = -5*r + 165. Does 15 divide r?
True
Suppose -5*o = 2*z - 10, 5*z = 2*o + o - 6. Suppose 5*t - 13 = 4*h, o*t - 6*h + 5 = -h. Does 5 divide t?
True
Let y(z) be the third derivative of -59*z**4/24 + z**3/2 - z**2. Let j be y(-3). Suppose w + 4*w = j. Does 9 divide w?
True
Let s(u) = u**3 - 4*u**2 + 2*u - 3. Let g be s(6). Let x = 46 - g. Let z = x + 85. Is z a multiple of 25?
True
Suppose -c - 22 = 5*g, 0 = -2*c - 5*g - 16 - 3. Suppose -3*i + c + 0 = 0. Let n(d) = 42*d + 1. Is 12 a factor of n(i)?
False
Suppose 53 + 7 = -4*p. Let w(u) = -u**3 - 15*u**2 + 5. Let l be w(p). Suppose 89 = 2*t - l*g, -39 = 3*t - 4*t - 3*g. Does 9 divide t?
False
Suppose 0 = 4*f - 7*f - 3*a + 621, -a = -5. Does 14 divide f?
False
Suppose -6*i + 12 = -3*i. Suppose 0 = n + 3*c + c - 19, -i*c + 79 = 5*n. Suppose 3*b = -2*b + n. Is b even?
False
Let d(h) = 13*h - 3. Let u be d(7). Is u/(-66)*183/(-2) a multiple of 39?
False
Let w(s) be the first derivative of -5*s**4/4 + s**2/2 - 2. Let v(t) = -2*t**2 + 2*t - 1. Let z be v(0). Does 2 divide w(z)?
True
Suppose 0 = -f + 25 + 27. Let m(w) = w + 2. Let k be m(3). Let j = f - k. Is j a multiple of 16?
False
Suppose 0 = -5*g + 3*y + 825, 0 = 3*y - 5 - 10. Is g a multiple of 24?
True
Let o(y) be the third derivative of y**4/6 + 3*y**3 + 4*y**2. Let n be o(-6). Is 4 a factor of (22/n + 4)*42?
False
Let b = 37 + -38. Let d = 63 + b. Suppose 3*m + 2 - d = 0. Is 7 a factor of m?
False
Is (-328)/16*-1*(-80)/(-5) a multiple of 41?
True
Let p be 13 + (-1 - -7)/(-3). Suppose 3*d + p - 71 = 0. Does 5 divide d?
True
Let h(o) = -o**2 - o - 1. Let c(f) = 2*f**2 - 11*f + 6. Let v(y) = c(y) + 3*h(y). Is v(-9) a multiple of 8?
True
Suppose -u = -2*u + 5. Let h(m) = 5*m + 1. Let b be h(4). Let a = b - u. Is a a multiple of 16?
True
Let l = 1142 + -816. Is l a multiple of 16?
False
Suppose 2*t + 0*t = 5*r + 509, 5*t - 313 = 3*r. Is 10 a factor of (1 + r)*(-2 + (-6)/(-4))?
True
Let i(m) = -4*m**2 + 2*m**2 + m**3 - 9*m + 2*m + 3. Let v be i(5). Let j = v + -2. Is j a multiple of 10?
False
Suppose 3*g = 3*b + 6 - 0, 2*g = -4*b - 20. Let k(d) = -11*d - 2*d + 2 - 12. Does 14 divide k(b)?
True
Suppose 0 = -r + 7*r - 12. Suppose 3*c = 15, 2*a + r*c - 11 = -1. Suppose -2*p - 4*t = -84, -p + 5*t - 9 + 58 = a. Is 22 a factor of p?
True
Suppose -5*n + 5*y = -2235, 7*y = 5*n + 3*y - 2230. Is 38 a factor of n?
False
Suppose 3*j = 0, 5*d + 0*d - j = 40. Let m = d + 18. Suppose -3*z + 1 = 2*y - 7*y, 2*z = -3*y + m. Is 4 a factor of z?
False
Suppose 0 = 3*t + 4*m - 14, -2*t + 5*m = -0*t - 17. Is 3 a factor of (-46)/(-3) - t/18?
True
Let x = 135 - 77. Suppose 3*n - 131 - x = 0. Suppose 2*a = -a + n. Is 10 a factor of a?
False
Suppose 3*m = -6*m + 153. Suppose 7*c - m = 6*c. Is c a multiple of 4?
False
Suppose 0 = -3*v + 286 + 224. Let c = -56 + v. Does 7 divide c?
False
Suppose 4*t - 24 = -5*b, 4*t - 20 = -4*b + 4. Suppose 18*s - t*s = 2196. Is 37 a factor of s?
False
Let v be (0/(-1) + 1)*0. Suppose 5*s - 7*s + 8 = v. Is (-15)/((-3)/(s + -1)) a multiple of 5?
True
Suppose 0 = -5*p + 3*p. Suppose p = -2*d - 4*y + 3*y + 167, -d = -y - 85. Suppose 4*m = -4*j + d, 4*j + 9 + 15 = 2*m. Is 9 a factor of m?
True
Let m(y) = 33*y**3 + 2*y**2 - y. Let n be m(3). Suppose 0 = 5*s - 0*s - 10, n = 4*w + 3*s. Is 15 a factor of w?
True
Let a(l) = 38*l. Let p be a(1). Suppose 95 = 5*w + 5*u, -4*u = -w - w + p. Suppose 3*n = 3*d + 69, 2*d + 0 = n - w. Is n a multiple of 14?
False
Suppose -3*g + 3 = 0, 0 = 5*y - 5*g - 5 - 5. Suppose -3 = q + 1, q - 8 = -y*d. Suppose -14 = -o - t - d, -5*o = -5*t - 40. Does 9 divide o?
True
Is 14 a factor of (-12)/(-22) + (-223092)/(-99)?
True
Suppose -2*m - 3*g + 12 = 0, -6*m - 4*g = -7*m - 16. Let u(y) = y**2 + 80. Let o be u(0). Suppose s - 4*z - o = m, 0*s - 150 = -2*s + 3*z. Does 12 divide s?
True
Let a(s) be the first derivative of -1/4*s**4 - 6 + 0*s**2 + 8/3*s**3 + 5*s. Is a(7) a multiple of 14?
False
Let p = -2059 + 5602. Does 8 divide p?
False
Let x(z) = z**3 - 52*z**2 - 48*z - 147. Is 16 a factor of x(53)?
False
Let n(q) = 2 + 0 - 5 + 3*q + 2 + q**2. Let u be n(-3). Is 8 a factor of (u + 0)*6*-4?
True
Let a(n) = 4*n**2 - 12*n + 3. Let g be a(9). Suppose 0 = 2*i + w - g, 2*i + 3*w - 8 - 205 = 0. Is i a multiple of 17?
False
Let h(p) = p**2 + p + 2. Let q be h(4). Suppose -q + 64 = 3*o. Does 7 divide o?
True
Suppose 30*d - 27*d + 3*n = 2181, 3*n = 5*d - 3603. Is 11 a factor of d?
False
Let w(y) = -y**3 + 5*y**2 + 4*y - 2. Suppose 2*z + 10 = 40. Suppose -8*s + 3*s = -z. Does 7 divide w(s)?
True
Let s(m) = m + 2. Let w be s(5). Suppose w*j - j - 210 = 0. Does 29 divide j?
False
Suppose -8*n = -6*n - 6. Suppose q = -n*q - 4*t + 216, 0 = -4*q + 3*t + 237. Is 37 a factor of q?
False
Let j = 29 - 17. Let h(c) = -8*c + 9. Le